{"id":13245,"date":"2020-08-08T15:37:14","date_gmt":"2020-08-08T15:37:14","guid":{"rendered":"https:\/\/ar.moovelub.com\/mobil\/clubindustria\/?page_id=13245"},"modified":"2023-12-06T18:29:57","modified_gmt":"2023-12-06T18:29:57","slug":"inicio","status":"publish","type":"page","link":"https:\/\/ar.moovelub.com\/mobil\/clubindustria\/","title":{"rendered":"Inicio"},"content":{"rendered":"<p>[et_pb_section fb_built=\u00bb1&#8243; module_id=\u00bbcentral\u00bb _builder_version=\u00bb4.5.1&#8243; _module_preset=\u00bbdefault\u00bb background_color=\u00bbrgba(0,0,0,0.58)\u00bb background_image=\u00bbhttps:\/\/ar.moovelub.com\/mobil\/clubindustria\/wp-content\/uploads\/2020\/08\/Engineers_2-1-scaled.jpg\u00bb background_position=\u00bbcenter_right\u00bb background_blend=\u00bboverlay\u00bb background_video_mp4=\u00bbhttps:\/\/ar.moovelub.com\/mobil\/clubindustria\/wp-content\/uploads\/2020\/10\/mobil_video-landing.mp4&#8243; max_width=\u00bb100%\u00bb module_alignment=\u00bbcenter\u00bb custom_margin=\u00bb||||false|true\u00bb custom_padding=\u00bb49px||49px||true|true\u00bb custom_css_main_element=\u00bbbackground-position:0% 75% !important;\u00bb custom_css_after=\u00bbcontent:%22%22;||  display: block;||  position: absolute;||  top: 0;||  left: 0;||  width: 100%;||  height: 100%;||  background-color: rgba(0,0,0,0.5);\u00bb][et_pb_row custom_padding_last_edited=\u00bbon|phone\u00bb _builder_version=\u00bb4.5.1&#8243; _module_preset=\u00bbdefault\u00bb custom_margin=\u00bb||||false|false\u00bb custom_margin_tablet=\u00bb\u00bb custom_margin_phone=\u00bb|50px||50px|false|true\u00bb custom_margin_last_edited=\u00bbon|phone\u00bb custom_padding=\u00bb55px||48px||false|false\u00bb custom_padding_tablet=\u00bb\u00bb custom_padding_phone=\u00bb5px||0px||false|false\u00bb][et_pb_column type=\u00bb4_4&#8243; _builder_version=\u00bb4.5.1&#8243; _module_preset=\u00bbdefault\u00bb][et_pb_text _builder_version=\u00bb4.5.1&#8243; _module_preset=\u00bbdefault\u00bb text_font=\u00bb||||||||\u00bb text_text_color=\u00bb#FFFFFF\u00bb text_font_size=\u00bb22px\u00bb text_line_height=\u00bb1.6em\u00bb header_font=\u00bb|700|||||||\u00bb header_text_color=\u00bb#FFFFFF\u00bb header_font_size=\u00bb55px\u00bb width=\u00bb64%\u00bb width_tablet=\u00bb100%\u00bb width_phone=\u00bb100%\u00bb width_last_edited=\u00bbon|desktop\u00bb max_width=\u00bb100%\u00bb text_font_size_tablet=\u00bb\u00bb text_font_size_phone=\u00bb15px\u00bb text_font_size_last_edited=\u00bbon|phone\u00bb header_font_size_tablet=\u00bb40px\u00bb header_font_size_phone=\u00bb30px\u00bb header_font_size_last_edited=\u00bbon|desktop\u00bb text_text_shadow_style=\u00bbpreset1&#8243; header_text_shadow_style=\u00bbpreset3&#8243;]<\/p>\n<h1>Bienvenido al<br \/> Club Mobil <sup class=\"trade-mark\">TM<\/sup> Industrial<\/h1>\n<p>Un espacio para evacuar consultas t\u00e9cnicas, capacitarse y descubrir todo lo nuevo en tecnolog\u00eda e innovaci\u00f3n Mobil.<\/p>\n<p>[\/et_pb_text][\/et_pb_column][\/et_pb_row][\/et_pb_section][et_pb_section fb_built=\u00bb1&#8243; custom_padding_last_edited=\u00bbon|phone\u00bb module_id=\u00bbdinamicos\u00bb _builder_version=\u00bb4.5.1&#8243; _module_preset=\u00bbdefault\u00bb background_color=\u00bb#e7ecf1&#8243; background_image=\u00bbhttps:\/\/ar.moovelub.com\/mobil\/clubindustria\/wp-content\/uploads\/2020\/08\/desktop.png\u00bb background_size=\u00bbinitial\u00bb custom_margin=\u00bb||||false|false\u00bb custom_padding=\u00bb35px||3px||false|false\u00bb custom_padding_tablet=\u00bb\u00bb custom_padding_phone=\u00bb40px||30px||false|false\u00bb][et_pb_row column_structure=\u00bb1_3,1_3,1_3&#8243; use_custom_gutter=\u00bbon\u00bb gutter_width=\u00bb2&#8243; make_equal=\u00bbon\u00bb _builder_version=\u00bb4.5.1&#8243; _module_preset=\u00bbdefault\u00bb custom_margin=\u00bb|auto|-3px|auto||\u00bb custom_padding=\u00bb6px||15px|||\u00bb][et_pb_column type=\u00bb1_3&#8243; _builder_version=\u00bb4.5.1&#8243; _module_preset=\u00bbdefault\u00bb][et_pb_blurb title=\u00bbOil &#038; Gas\u00bb image=\u00bbhttps:\/\/ar.moovelub.com\/mobil\/clubindustria\/wp-content\/uploads\/2021\/06\/Oil-Rigs-at-Sunset-1-scaled.jpg\u00bb module_class=\u00bbmr-custom-blurb\u00bb _builder_version=\u00bb4.5.1&#8243; _module_preset=\u00bbdefault\u00bb header_text_color=\u00bb#383838&#8243; header_font_size=\u00bb22px\u00bb body_font=\u00bbWork Sans||||||||\u00bb body_text_color=\u00bb#333333&#8243; body_line_height=\u00bb138%\u00bb background_color=\u00bb#ffffff\u00bb custom_margin=\u00bb||0px||false|false\u00bb custom_margin_tablet=\u00bb\u00bb custom_margin_phone=\u00bb\u00bb custom_margin_last_edited=\u00bbon|phone\u00bb custom_padding=\u00bb||10px||false|false\u00bb custom_padding_tablet=\u00bb\u00bb custom_padding_phone=\u00bb||25px||false|true\u00bb custom_padding_last_edited=\u00bbon|phone\u00bb animation=\u00bboff\u00bb link_option_url=\u00bbhttps:\/\/ar.moovelub.com\/mobil\/clubindustria\/oil-gas\/\u00bb custom_css_main_element=\u00bbmin-height:100%;\u00bb border_width_top=\u00bb8px\u00bb border_color_top=\u00bb#E02B20&#8243;][\/et_pb_blurb][\/et_pb_column][et_pb_column type=\u00bb1_3&#8243; _builder_version=\u00bb4.5.1&#8243; _module_preset=\u00bbdefault\u00bb][et_pb_blurb title=\u00bbMiner\u00eda\u00bb image=\u00bbhttps:\/\/ar.moovelub.com\/mobil\/clubindustria\/wp-content\/uploads\/2020\/10\/mineria.png\u00bb module_class=\u00bbmr-custom-blurb\u00bb _builder_version=\u00bb4.5.1&#8243; _module_preset=\u00bbdefault\u00bb header_text_color=\u00bb#383838&#8243; header_font_size=\u00bb22px\u00bb body_font=\u00bbWork Sans||||||||\u00bb body_text_color=\u00bb#333333&#8243; body_line_height=\u00bb138%\u00bb background_color=\u00bb#fff\u00bb custom_margin=\u00bb||0px||false|false\u00bb custom_padding=\u00bb||10px||false|false\u00bb custom_padding_tablet=\u00bb\u00bb custom_padding_phone=\u00bb||25px||false|false\u00bb custom_padding_last_edited=\u00bbon|phone\u00bb animation=\u00bboff\u00bb link_option_url=\u00bbhttps:\/\/ar.moovelub.com\/mobil\/clubindustria\/mineria\/\u00bb header_line_height_tablet=\u00bb\u00bb header_line_height_phone=\u00bb2.2em\u00bb header_line_height_last_edited=\u00bbon|phone\u00bb custom_css_main_element=\u00bbmin-height: 100%\u00bb border_width_top=\u00bb8px\u00bb border_color_top=\u00bb#E02B20&#8243;][\/et_pb_blurb][\/et_pb_column][et_pb_column type=\u00bb1_3&#8243; _builder_version=\u00bb4.5.1&#8243; _module_preset=\u00bbdefault\u00bb][et_pb_blurb title=\u00bbEnerg\u00eda\u00bb image=\u00bbhttps:\/\/ar.moovelub.com\/mobil\/clubindustria\/wp-content\/uploads\/2020\/10\/energia-mobil.png\u00bb module_class=\u00bbmr-custom-blurb\u00bb _builder_version=\u00bb4.5.1&#8243; _module_preset=\u00bbdefault\u00bb header_text_color=\u00bb#383838&#8243; header_font_size=\u00bb22px\u00bb body_font=\u00bbWork Sans||||||||\u00bb body_text_color=\u00bb#333333&#8243; body_line_height=\u00bb138%\u00bb background_color=\u00bb#fff\u00bb custom_margin=\u00bb||0px||false|false\u00bb custom_padding=\u00bb|0px|10px||false|false\u00bb custom_padding_tablet=\u00bb\u00bb custom_padding_phone=\u00bb||25px||false|true\u00bb custom_padding_last_edited=\u00bbon|phone\u00bb animation=\u00bboff\u00bb link_option_url=\u00bbhttps:\/\/ar.moovelub.com\/mobil\/clubindustria\/energia\u00bb header_line_height_tablet=\u00bb\u00bb header_line_height_phone=\u00bb2.2em\u00bb header_line_height_last_edited=\u00bbon|phone\u00bb custom_css_main_element=\u00bbmin-height:100%;\u00bb border_width_top=\u00bb8px\u00bb border_color_top=\u00bb#E02B20&#8243;][\/et_pb_blurb][\/et_pb_column][\/et_pb_row][et_pb_row column_structure=\u00bb1_3,1_3,1_3&#8243; use_custom_gutter=\u00bbon\u00bb gutter_width=\u00bb2&#8243; make_equal=\u00bbon\u00bb custom_padding_last_edited=\u00bbon|phone\u00bb _builder_version=\u00bb4.5.1&#8243; _module_preset=\u00bbdefault\u00bb custom_margin=\u00bb-5px|auto||auto||\u00bb custom_padding=\u00bb13px|||||\u00bb custom_padding_tablet=\u00bb\u00bb custom_padding_phone=\u00bb10px||||false|false\u00bb][et_pb_column type=\u00bb1_3&#8243; _builder_version=\u00bb4.5.1&#8243; _module_preset=\u00bbdefault\u00bb][et_pb_blurb title=\u00bbMarine\u00bb image=\u00bbhttps:\/\/ar.moovelub.com\/mobil\/clubindustria\/wp-content\/uploads\/2020\/10\/marine-mobil.png\u00bb module_class=\u00bbmr-custom-blurb\u00bb _builder_version=\u00bb4.5.1&#8243; _module_preset=\u00bbdefault\u00bb header_text_color=\u00bb#383838&#8243; header_font_size=\u00bb22px\u00bb body_font=\u00bbWork Sans||||||||\u00bb body_text_color=\u00bb#333333&#8243; body_line_height=\u00bb138%\u00bb background_color=\u00bb#fff\u00bb custom_margin=\u00bb||0px||false|false\u00bb custom_margin_tablet=\u00bb\u00bb custom_margin_phone=\u00bb\u00bb custom_margin_last_edited=\u00bbon|phone\u00bb custom_padding=\u00bb||10px||false|false\u00bb custom_padding_tablet=\u00bb\u00bb custom_padding_phone=\u00bb||25px||false|false\u00bb custom_padding_last_edited=\u00bbon|phone\u00bb animation=\u00bboff\u00bb link_option_url=\u00bbhttps:\/\/ar.moovelub.com\/mobil\/clubindustria\/marine\/\u00bb header_line_height_tablet=\u00bb\u00bb header_line_height_phone=\u00bb2.2em\u00bb header_line_height_last_edited=\u00bbon|phone\u00bb custom_css_main_element=\u00bbmin-height: 100%\u00bb border_width_top=\u00bb8px\u00bb border_color_top=\u00bb#E02B20&#8243;][\/et_pb_blurb][\/et_pb_column][et_pb_column type=\u00bb1_3&#8243; _builder_version=\u00bb4.5.1&#8243; _module_preset=\u00bbdefault\u00bb][et_pb_blurb title=\u00bbIndustria\u00bb module_class=\u00bbmr-custom-blurb\u00bb _builder_version=\u00bb4.5.1&#8243; _module_preset=\u00bbdefault\u00bb header_text_color=\u00bb#383838&#8243; header_font_size=\u00bb22px\u00bb header_letter_spacing=\u00bb-1px\u00bb body_font=\u00bbWork Sans||||||||\u00bb body_text_color=\u00bb#333333&#8243; body_line_height=\u00bb138%\u00bb background_color=\u00bb#fff\u00bb custom_margin=\u00bb||0px||false|false\u00bb custom_padding=\u00bb||10px||false|false\u00bb custom_padding_tablet=\u00bb\u00bb custom_padding_phone=\u00bb||25px||false|false\u00bb custom_padding_last_edited=\u00bbon|phone\u00bb animation=\u00bboff\u00bb link_option_url=\u00bbhttps:\/\/ar.moovelub.com\/mobil\/clubindustria\/industrias-generales\/\u00bb hover_enabled=\u00bb0&#8243; header_line_height_tablet=\u00bb\u00bb header_line_height_phone=\u00bb2.2em\u00bb header_line_height_last_edited=\u00bbon|phone\u00bb custom_css_main_element=\u00bbmin-height:100%;\u00bb border_width_top=\u00bb8px\u00bb border_color_top=\u00bb#E02B20&#8243; title_text=\u00bbMobil_feb_6 &#8211; 2021-07-27T201734.448&#8243; image=\u00bbhttps:\/\/ar.moovelub.com\/mobil\/clubindustria\/wp-content\/uploads\/2021\/07\/Mobil_feb_6-2021-07-27T201734.448.png\u00bb][\/et_pb_blurb][\/et_pb_column][et_pb_column type=\u00bb1_3&#8243; _builder_version=\u00bb4.5.1&#8243; _module_preset=\u00bbdefault\u00bb][et_pb_blurb title=\u00bbServicio de ingenier\u00eda\u00bb image=\u00bbhttps:\/\/ar.moovelub.com\/mobil\/clubindustria\/wp-content\/uploads\/2020\/10\/sind.png\u00bb module_class=\u00bbmr-custom-blurb\u00bb _builder_version=\u00bb4.5.1&#8243; _module_preset=\u00bbdefault\u00bb header_text_color=\u00bb#383838&#8243; header_font_size=\u00bb22px\u00bb body_font=\u00bbWork Sans||||||||\u00bb body_text_color=\u00bb#333333&#8243; body_line_height=\u00bb138%\u00bb background_color=\u00bb#ffffff\u00bb custom_margin=\u00bb||0px||false|false\u00bb custom_margin_tablet=\u00bb\u00bb custom_margin_phone=\u00bb\u00bb custom_margin_last_edited=\u00bbon|phone\u00bb custom_padding=\u00bb||10px||false|false\u00bb custom_padding_tablet=\u00bb\u00bb custom_padding_phone=\u00bb||25px||false|false\u00bb custom_padding_last_edited=\u00bbon|phone\u00bb animation=\u00bboff\u00bb link_option_url=\u00bbhttps:\/\/ar.moovelub.com\/mobil\/clubindustria\/servicio-de-ingenieria\/\u00bb custom_css_main_element=\u00bbmin-height:100%;\u00bb border_width_top=\u00bb8px\u00bb border_color_top=\u00bb#E02B20&#8243;][\/et_pb_blurb][\/et_pb_column][\/et_pb_row][\/et_pb_section][et_pb_section fb_built=\u00bb1&#8243; _builder_version=\u00bb4.5.1&#8243; _module_preset=\u00bbdefault\u00bb custom_padding=\u00bb25px||32px|||\u00bb][et_pb_row _builder_version=\u00bb4.5.1&#8243; _module_preset=\u00bbdefault\u00bb][et_pb_column type=\u00bb4_4&#8243; _builder_version=\u00bb4.5.1&#8243; _module_preset=\u00bbdefault\u00bb][et_pb_text _builder_version=\u00bb4.5.1&#8243; _module_preset=\u00bbdefault\u00bb text_font_size=\u00bb19px\u00bb text_orientation=\u00bbcenter\u00bb]<\/p>\n<p><img decoding=\"async\" src=\"https:\/\/ar.moovelub.com\/mobil\/clubindustria\/wp-content\/uploads\/2020\/10\/640px-YouTube_Logo_2017.svg_-300x67.png\" width=\"210\" height=\"47\" alt=\"\" class=\"wp-image-13891 alignnone size-medium\" \/><\/p>\n<p> Vea las \u00faltimas noticias y contenidos de Mobil\u2122 Industria.<\/p>\n<p>[\/et_pb_text][et_pb_video_slider _builder_version=\u00bb4.5.1&#8243; _module_preset=\u00bbdefault\u00bb][et_pb_video_slider_item src=\u00bbhttps:\/\/www.youtube.com\/watch?v=LsZBbyyAWN4&#8243; _builder_version=\u00bb4.5.1&#8243; _module_preset=\u00bbdefault\u00bb show_image_overlay=\u00bboff\u00bb][\/et_pb_video_slider_item][et_pb_video_slider_item src=\u00bbhttps:\/\/www.youtube.com\/watch?v=3pyC3Z6BJug\u00bb _builder_version=\u00bb4.5.1&#8243; _module_preset=\u00bbdefault\u00bb show_image_overlay=\u00bboff\u00bb][\/et_pb_video_slider_item][et_pb_video_slider_item src=\u00bbhttps:\/\/www.youtube.com\/watch?v=58MT7utnP3U\u00bb _builder_version=\u00bb4.5.1&#8243; _module_preset=\u00bbdefault\u00bb show_image_overlay=\u00bboff\u00bb][\/et_pb_video_slider_item][et_pb_video_slider_item src=\u00bbhttps:\/\/www.youtube.com\/watch?v=q7g_1iBvEwY\u00bb _builder_version=\u00bb4.5.1&#8243; _module_preset=\u00bbdefault\u00bb show_image_overlay=\u00bboff\u00bb][\/et_pb_video_slider_item][et_pb_video_slider_item src=\u00bbhttps:\/\/www.youtube.com\/watch?v=aGIUw9qF7ZY\u00bb _builder_version=\u00bb4.5.1&#8243; _module_preset=\u00bbdefault\u00bb show_image_overlay=\u00bboff\u00bb][\/et_pb_video_slider_item][et_pb_video_slider_item src=\u00bbhttps:\/\/www.youtube.com\/watch?v=eyItGA7lU-4&#8243; _builder_version=\u00bb4.5.1&#8243; _module_preset=\u00bbdefault\u00bb show_image_overlay=\u00bboff\u00bb][\/et_pb_video_slider_item][\/et_pb_video_slider][\/et_pb_column][\/et_pb_row][et_pb_row _builder_version=\u00bb4.5.1&#8243; _module_preset=\u00bbdefault\u00bb][et_pb_column type=\u00bb4_4&#8243; _builder_version=\u00bb4.5.1&#8243; _module_preset=\u00bbdefault\u00bb][et_pb_post_slider include_categories=\u00bb19&#8243; more_text=\u00bbDescargar Ac\u00e1\u00bb show_meta=\u00bboff\u00bb _builder_version=\u00bb4.5.1&#8243; _module_preset=\u00bbdefault\u00bb header_font_size=\u00bb28px\u00bb button_alignment=\u00bbcenter\u00bb text_orientation=\u00bbleft\u00bb custom_css_slide_description=\u00bbpadding:50px 50px;\u00bb][\/et_pb_post_slider][\/et_pb_column][\/et_pb_row][\/et_pb_section]<\/p>\n","protected":false},"excerpt":{"rendered":"<p>[et_pb_section fb_built=\u00bb1&#8243; module_id=\u00bbcentral\u00bb _builder_version=\u00bb4.5.1&#8243; _module_preset=\u00bbdefault\u00bb background_color=\u00bbrgba(0,0,0,0.58)\u00bb background_image=\u00bbhttps:\/\/ar.moovelub.com\/mobil\/clubindustria\/wp-content\/uploads\/2020\/08\/Engineers_2-1-scaled.jpg\u00bb background_position=\u00bbcenter_right\u00bb background_blend=\u00bboverlay\u00bb background_video_mp4=\u00bbhttps:\/\/ar.moovelub.com\/mobil\/clubindustria\/wp-content\/uploads\/2020\/10\/mobil_video-landing.mp4&#8243; max_width=\u00bb100%\u00bb module_alignment=\u00bbcenter\u00bb custom_margin=\u00bb||||false|true\u00bb custom_padding=\u00bb49px||49px||true|true\u00bb custom_css_main_element=\u00bbbackground-position:0% 75% !important;\u00bb custom_css_after=\u00bbcontent:%22%22;|| display: block;|| position: absolute;|| top: 0;|| left: 0;|| width: 100%;|| height: 100%;|| background-color: rgba(0,0,0,0.5);\u00bb][et_pb_row custom_padding_last_edited=\u00bbon|phone\u00bb _builder_version=\u00bb4.5.1&#8243; _module_preset=\u00bbdefault\u00bb custom_margin=\u00bb||||false|false\u00bb custom_margin_tablet=\u00bb\u00bb custom_margin_phone=\u00bb|50px||50px|false|true\u00bb custom_margin_last_edited=\u00bbon|phone\u00bb custom_padding=\u00bb55px||48px||false|false\u00bb custom_padding_tablet=\u00bb\u00bb custom_padding_phone=\u00bb5px||0px||false|false\u00bb][et_pb_column type=\u00bb4_4&#8243; _builder_version=\u00bb4.5.1&#8243; _module_preset=\u00bbdefault\u00bb][et_pb_text _builder_version=\u00bb4.5.1&#8243; _module_preset=\u00bbdefault\u00bb text_font=\u00bb||||||||\u00bb text_text_color=\u00bb#FFFFFF\u00bb text_font_size=\u00bb22px\u00bb text_line_height=\u00bb1.6em\u00bb header_font=\u00bb|700|||||||\u00bb header_text_color=\u00bb#FFFFFF\u00bb header_font_size=\u00bb55px\u00bb width=\u00bb64%\u00bb [&hellip;]<\/p>\n","protected":false},"author":1,"featured_media":0,"parent":0,"menu_order":0,"comment_status":"closed","ping_status":"closed","template":"","meta":{"_et_pb_use_builder":"on","_et_pb_old_content":"","_et_gb_content_width":""},"_links":{"self":[{"href":"https:\/\/ar.moovelub.com\/mobil\/clubindustria\/wp-json\/wp\/v2\/pages\/13245"}],"collection":[{"href":"https:\/\/ar.moovelub.com\/mobil\/clubindustria\/wp-json\/wp\/v2\/pages"}],"about":[{"href":"https:\/\/ar.moovelub.com\/mobil\/clubindustria\/wp-json\/wp\/v2\/types\/page"}],"author":[{"embeddable":true,"href":"https:\/\/ar.moovelub.com\/mobil\/clubindustria\/wp-json\/wp\/v2\/users\/1"}],"replies":[{"embeddable":true,"href":"https:\/\/ar.moovelub.com\/mobil\/clubindustria\/wp-json\/wp\/v2\/comments?post=13245"}],"version-history":[{"count":113,"href":"https:\/\/ar.moovelub.com\/mobil\/clubindustria\/wp-json\/wp\/v2\/pages\/13245\/revisions"}],"predecessor-version":[{"id":15249,"href":"https:\/\/ar.moovelub.com\/mobil\/clubindustria\/wp-json\/wp\/v2\/pages\/13245\/revisions\/15249"}],"wp:attachment":[{"href":"https:\/\/ar.moovelub.com\/mobil\/clubindustria\/wp-json\/wp\/v2\/media?parent=13245"}],"curies":[{"name":"wp","href":"https:\/\/api.w.org\/{rel}","templated":true}]}}